36 = -4*k, 12*k = 16*k + 20. List the prime factors of q.
29
Suppose 2 = -3*h + 4*u - 6, -4*h - 2*u = -4. Suppose -3*f - a + 269 = h, f - 83 = -3*a + 6*a. What are the prime factors of f?
89
Let b = -64 + 64. Suppose 5*u - 665 = 2*p, b*u = 5*u + 5*p - 665. List the prime factors of u.
7, 19
Suppose 3*g + 2*g = 1120. What are the prime factors of g?
2, 7
Suppose 3*f = -6, 5*u + 4*f = u + 10492. What are the prime factors of u?
3, 5, 7
Let w = 12 + -12. Let u = w - -18. What are the prime factors of u*3/27*21?
2, 3, 7
Let d(c) = 1 - 7*c - c + 33*c. What are the prime factors of d(2)?
3, 17
Let v(k) = -k + 1. Let p(n) = -3*n - 8. Let f(s) = -p(s) + 5*v(s). Let b be f(10). Let l(j) = -5*j - 3. List the prime factors of l(b).
2
Let s(o) = -o**3 - 11*o**2 - o - 13. Let u be s(-11). Let w(l) = 14*l**2 - 2*l - 5. List the prime factors of w(u).
5, 11
Let i(o) = 3*o - 61. Let r(g) = -4*g + 91. Let y(k) = 7*i(k) + 5*r(k). Let c be y(7). Let z = c - -2. List the prime factors of z.
37
Suppose i + 7*m = 3*m + 13, -2*m + 20 = -4*i. List the prime factors of (4 + i)*3 - -42.
3, 5
Let z be 2 + 1 + (-1 - 0). Let o(s) = 8*s**2 + 3*s - 2. What are the prime factors of o(z)?
2, 3
Let w = 899 - 259. List the prime factors of w.
2, 5
Let j(s) = s + 11. Let z be j(-7). Let h(t) = z*t + 1 - 2*t + 4. What are the prime factors of h(10)?
5
Suppose 0 = 39*k - 35*k - 8. Suppose 70 - 202 = -2*a - 5*u, -k*a = -5*u - 112. List the prime factors of a.
61
Let y = 53 - 30. Let o = 35 - y. List the prime factors of o.
2, 3
What are the prime factors of 1865 + (3 - 10 - 5)?
17, 109
Suppose 4*u - 181 - 873 = -5*h, -3*u - 5*h + 788 = 0. List the prime factors of u.
2, 7, 19
Let k(s) = 3*s**3 + 7*s**2 - 5*s + 4. Let r(a) = 2*a**3 + 8*a**2 - 5*a + 3. Let w(x) = -3*k(x) + 4*r(x). List the prime factors of w(4).
2, 23
What are the prime factors of 96234/(-172)*(-1 + 1/(-3))?
2, 373
Let n(c) = -c**2 + 4*c + 4. Let w be n(5). What are the prime factors of -20*w/(4/3)?
3, 5
Let z = -699 - -1651. What are the prime factors of z?
2, 7, 17
Suppose 0 = 19*t - 29*t + 36110. List the prime factors of t.
23, 157
Suppose 31*i - 19708 - 32806 = 0. List the prime factors of i.
2, 7, 11
Let u(s) be the second derivative of s**5/20 - 11*s**4/6 + 4*s**3/3 - 7*s**2 + 29*s. What are the prime factors of u(22)?
2, 3
Let g(f) = 13*f**2 - 1. Let n be g(1). Suppose -2*d = 2*x + 10, -2*d - 2*x = x + n. Let y(v) = 4*v**2 + 2*v - 7. List the prime factors of y(d).
23
Let c(i) = 90*i + 10. Let z(g) = -90*g - 9. Let s(p) = 4*c(p) + 3*z(p). What are the prime factors of s(3)?
283
Let o(a) be the second derivative of a**5/20 + 13*a**4/12 + 5*a**3/6 - 11*a**2/2 + 4*a. List the prime factors of o(-5).
2, 41
Let j = -135 - -373. List the prime factors of j.
2, 7, 17
Let b = -1731 + 3935. List the prime factors of b.
2, 19, 29
Let a(j) = 2*j - 5. Let k(o) = 4*o - 10. Let c(q) = -7*a(q) + 3*k(q). Let p be ((-3)/(-6))/((-2)/24). What are the prime factors of c(p)?
17
Suppose k = -5*n + 4646 + 1878, -3*k + 6522 = 5*n. What are the prime factors of n?
3, 5, 29
Let o = 3392 - 1828. What are the prime factors of o?
2, 17, 23
Suppose -46*a - 2265 = -12293. List the prime factors of a.
2, 109
Let m(d) = 8*d - 6. Let f be m(-7). Let c = f + 5. List the prime factors of c*(-1)/1 + 0.
3, 19
Suppose -7*g + 12 = -3*g. Suppose g*k = 7*k + 4. Let w(u) = -18*u**3 + u + 1. What are the prime factors of w(k)?
2, 3
Let c be (-2)/(-8) - 162/8. Let g be (-2)/4 - c/8. Let x(m) = 15*m**2 - 4*m + 2. What are the prime factors of x(g)?
2, 3
Let a(l) = -l**3 - 5*l**2 + 2*l - 13. Suppose 4*k = -8 - 20. List the prime factors of a(k).
71
Let z(x) = -x + 4. Let s be z(-9). Let c = s - 10. Suppose 0*m = 2*m + 4*p - 50, c*p = 2*m - 36. What are the prime factors of m?
3, 7
Let g(a) = -22*a + 23. What are the prime factors of g(-3)?
89
Let i = 19 - 25. Let v(x) = -x**2 - x + 1. Let k(n) = 4*n**2 - 17. Let c(w) = k(w) + 3*v(w). List the prime factors of c(i).
2, 5
Let p(n) = -n**2 + 6*n. Let r be p(6). Suppose j = y + 22, r = -y + 2*j - 7 - 19. Let u = 36 + y. List the prime factors of u.
2, 3
Let q(x) = -x + 2. Let n be q(4). Let g be 1/n*(3 - 21). What are the prime factors of 1270/45 + (-2)/g?
2, 7
Let m = 3 - -1. Suppose -5*l - 37 = -4*q, 2*q - 7 = l + m. Let y = 21 + q. What are the prime factors of y?
2, 3
Suppose -4*f + 2*i + 82 = 0, -163 + 62 = -5*f + 2*i. Let r be 1/2*(f + -9). Suppose r*p - p = 180. What are the prime factors of p?
3, 5
Let q = -19 + 86. Suppose -402 = q*p - 70*p. List the prime factors of p.
2, 67
Let q(n) = -5*n + 34. Let z be q(6). Suppose -525 = -z*c + y, 0 = 4*c - 0*c + 4*y - 500. List the prime factors of c.
2, 5, 13
Let u(k) = k - 9. Let q be u(11). Suppose -q*b = -2*o + 3*b + 18, -4*b - 6 = -o. List the prime factors of o.
2, 7
Let m be -1 - -9*(-3)/(-3) - 3. Suppose 0 = -m*z - 4*z + 1071. List the prime factors of z.
7, 17
Let l(p) = 3*p**2 - 9*p + 17. Let z(v) = -6*v**2 + 19*v - 35. Let i(m) = 9*l(m) + 4*z(m). List the prime factors of i(3).
5
Let f(y) = y - 5. Let k be f(5). Suppose 3*h - 2*h - 2 = k. Suppose -5 = -5*x, -3*x - 9 = -h*p + 12. List the prime factors of p.
2, 3
Let z be 0/4 + 2/1. Suppose -z*d + 30 = d. What are the prime factors of 4*d - (-6)/(-6)?
3, 13
Suppose 12*n = 20*n - 12248. What are the prime factors of n?
1531
Let a(p) = 1 + 25*p**2 - 5*p - 18*p**2 - p - p**3 + 1. Suppose l - 9 = -4. What are the prime factors of a(l)?
2, 11
Let k = 67 + 414. List the prime factors of k.
13, 37
Let r be (-2)/(-4)*(-60)/(-10). Suppose 2*l + 2*u - 411 = -r*l, -2 = u. List the prime factors of l.
83
Let u(s) = s**3 + 8*s**2 - 9*s + 5. Suppose -3*f - 19 - 8 = 0. Let a be u(f). Suppose -10 = -a*x, 2*x = -2*l - 0*x + 22. List the prime factors of l.
3
Let o(r) = -4*r + 10. Let t = -24 + 18. What are the prime factors of o(t)?
2, 17
Let t(f) = -f**3 + 5*f**2 - 2*f - 5. Suppose 8 = -4*h - o + 24, -h = 2*o - 4. Let y be t(h). Suppose -4*g + y*g = -5. What are the prime factors of g?
5
Let i(q) = -6*q - 28. Let k be i(-5). What are the prime factors of k/11 + 3280/110?
2, 3, 5
Let q = -5 + 8. Let i be 12/624*-8 + 290/26. Suppose -q*x + i - 2 = 0, -a = -2*x - 53. List the prime factors of a.
59
Suppose -5*g + 2*r = 6*r + 22, -3*r = g + 11. Let b be g*2 + 0 + 4. Suppose -s + o + 49 = b, -s + 22 = -5*o - 27. What are the prime factors of s?
7
Let j = -543 - -1111. List the prime factors of j.
2, 71
Suppose -24*f + 5062 = 166. What are the prime factors of f?
2, 3, 17
Let p(b) = 38*b**3 - 3*b**2 + 1. Let i(o) = 4*o**2 - 1. Let q be i(-1). Suppose 2*d - 5 = 3*j, -q*j + 4*d - 17 + 4 = 0. What are the prime factors of p(j)?
2, 3
Let v(g) be the first derivative of -10*g**2 - 2*g + 65. Suppose 0 = 2*x + 3*x + 10. List the prime factors of v(x).
2, 19
Suppose -6*k = 2*n - k - 936, 0 = n - 3*k - 479. List the prime factors of n.
11, 43
Let d = 1171 - -243. List the prime factors of d.
2, 7, 101
Let s(c) = -c**3 + 2*c**2 + c - 2. Let d be s(3). Let l(t) = -2*t - 16. Let b be l(d). Let k = b + 6. What are the prime factors of k?
2, 3
Let c(r) = -r**3 + 7*r**2 - 2*r - 4. Suppose 0 = -4*l + 3*g + 11, -3*g + 5 = 4*l - 24. What are the prime factors of c(l)?
2, 3
Suppose -i + 513 + 143 = 0. Suppose 0 = -4*l + y + i, 3*y + 152 + 23 = l. What are the prime factors of l?
163
What are the prime factors of 34/((-1)/(-57)*(14 - 8))?
17, 19
Suppose -h - 4 = 3*k, h = 5*k - 7 + 27. Suppose 4*z - 263 = -3*g - 0*g, h*g - 461 = -z. What are the prime factors of g?
3, 31
Let l(j) = 130*j + 36. List the prime factors of l(6).
2, 3, 17
What are the prime factors of 5*(-4)/8*-142?
5, 71
Let v(y) = -y**2 - 13*y + 17. Let p be v(-14). What are the prime factors of -2 + -140*((-39)/(-15) - p)?
2, 3
Let f(w) = -w**2 + w + 1. Let t(k) = 3*k**3 + 6*k**2 - 8*k - 7. Let j(h) = 5*f(h) + t(h). What are the prime factors of j(3)?
79
Suppose 4*x + 1103 = -q + 3874, -3*x - 3*q = -2067. List the prime factors of x.
2, 347
Suppose -3*s + 4 = 3*z + z, -3*s = -3*z + 24. Let q(w) be the third derivative of w**5/15 + 7*w**4/24 + w**3 + 8*w**2. What are the prime factors of q(s)?
2, 3, 7
Suppose -2*r + 9*r = 14. Suppose -5*z = r*a - 86, -a = -2*z - 2*z + 74. What are the prime factors of z?
2, 3
What are the prime factors of (162/(-5))/(14/(-70))?
2, 3
Suppos